mon factor of 40 and 440.
40
Calculate the greatest common divisor of 1032 and 72.
24
Calculate the greatest common divisor of 24 and 2598.
6
What is the highest common factor of 82 and 2542?
82
Calculate the highest common divisor of 565 and 226.
113
Calculate the greatest common divisor of 21 and 14.
7
Calculate the greatest common factor of 2128 and 592.
16
Calculate the greatest common factor of 55 and 737.
11
Calculate the highest common factor of 112 and 88.
8
Calculate the highest common factor of 30 and 135.
15
What is the highest common factor of 168 and 1036?
28
Calculate the greatest common divisor of 800 and 25.
25
Calculate the highest common factor of 1672 and 72.
8
What is the greatest common factor of 806 and 559?
13
Calculate the highest common divisor of 30 and 1410.
30
What is the greatest common factor of 828 and 1518?
138
What is the highest common divisor of 4 and 698?
2
Calculate the highest common factor of 95 and 5909.
19
Calculate the highest common factor of 19 and 2071.
19
Calculate the highest common divisor of 429 and 52.
13
What is the greatest common divisor of 253 and 184?
23
Calculate the greatest common divisor of 12 and 708.
12
What is the highest common divisor of 297 and 33?
33
Calculate the greatest common divisor of 189 and 297.
27
What is the highest common divisor of 207 and 46?
23
What is the greatest common factor of 480 and 3456?
96
Calculate the highest common divisor of 726 and 44.
22
Calculate the greatest common factor of 451 and 55.
11
Calculate the highest common factor of 90 and 27.
9
What is the highest common divisor of 2123 and 143?
11
Calculate the greatest common factor of 285 and 209.
19
What is the highest common factor of 21241 and 11?
11
What is the highest common factor of 280 and 1520?
40
What is the greatest common factor of 82 and 4?
2
What is the greatest common divisor of 13 and 11817?
13
Calculate the greatest common factor of 1746 and 45.
9
What is the highest common divisor of 10 and 335?
5
Calculate the highest common factor of 112 and 13048.
56
What is the greatest common divisor of 1362 and 4313?
227
Calculate the highest common divisor of 783 and 87.
87
What is the greatest common divisor of 43 and 86?
43
What is the highest common factor of 77 and 33?
11
Calculate the greatest common factor of 931 and 7.
7
Calculate the greatest common factor of 72 and 3096.
72
Calculate the greatest common factor of 75 and 1095.
15
What is the highest common factor of 19 and 551?
19
Calculate the greatest common factor of 88 and 33.
11
What is the greatest common factor of 29 and 29?
29
What is the highest common factor of 276 and 12?
12
What is the highest common factor of 150 and 320?
10
Calculate the highest common factor of 33 and 396.
33
What is the highest common divisor of 15 and 40?
5
Calculate the highest common divisor of 1856 and 551.
29
Calculate the highest common divisor of 12141 and 426.
213
What is the highest common factor of 312 and 1768?
104
What is the highest common factor of 6726 and 59?
59
Calculate the highest common factor of 12 and 3378.
6
What is the highest common factor of 12 and 48?
12
Calculate the greatest common factor of 42 and 3514.
14
What is the highest common factor of 2737 and 238?
119
Calculate the greatest common factor of 33 and 275.
11
What is the highest common factor of 50 and 325?
25
Calculate the greatest common factor of 352 and 400.
16
What is the highest common factor of 328 and 2460?
164
What is the highest common divisor of 99 and 132?
33
What is the highest common divisor of 260 and 8?
4
Calculate the greatest common factor of 37518 and 78.
78
What is the highest common factor of 116 and 4756?
116
Calculate the highest common factor of 8 and 56.
8
What is the highest common divisor of 304 and 32?
16
What is the greatest common factor of 93 and 10137?
93
Calculate the highest common factor of 28572 and 12.
12
What is the highest common factor of 217 and 31?
31
Calculate the greatest common factor of 198 and 3498.
66
What is the greatest common divisor of 585 and 225?
45
Calculate the greatest common divisor of 154 and 1958.
22
Calculate the greatest common divisor of 60 and 60.
60
Calculate the greatest common factor of 16 and 136.
8
Calculate the highest common factor of 40 and 290.
10
Calculate the highest common factor of 240 and 3240.
120
Calculate the greatest common factor of 273 and 1001.
91
Calculate the greatest common divisor of 4081 and 231.
77
What is the greatest common factor of 34 and 51?
17
Calculate the greatest common divisor of 124 and 93.
31
Calculate the highest common factor of 80 and 2480.
80
Calculate the highest common factor of 27 and 291.
3
Calculate the highest common divisor of 51 and 952.
17
What is the greatest common divisor of 1254 and 66?
66
Calculate the greatest common divisor of 2240 and 14.
14
Calculate the highest common factor of 48682 and 202.
202
Calculate the highest common factor of 60 and 760.
20
What is the greatest common factor of 12 and 1038?
6
Calculate the highest common factor of 246 and 5043.
123
What is the greatest common factor of 8990 and 870?
290
Calculate the greatest common factor of 6455 and 20.
5
Calculate the greatest common divisor of 21164 and 44.
44
Calculate the greatest common divisor of 275 and 1150.
25
What is the highest common divisor of 14 and 6?
2
What is the greatest common factor of 4144 and 392?
56
Calculate the greatest common divisor of 1065 and 142.
71
Calculate the greatest common divisor of 222 and 185.
37
What is the greatest common divisor of 1393 and 14?
7
What is the greatest common divisor of 28 and 60?
4
What is the highest common factor of 48 and 208?
16
Calculate the highest common divisor of 76 and 361.
19
Calculate the greatest common factor of 4 and 4.
4
What is the highest common divisor of 539 and 77?
77
What is the greatest common divisor of 402 and 42?
6
Calculate the highest common factor of 468 and 546.
78
Calculate the highest common factor of 207 and 391.
23
What is the highest common divisor of 2885 and 5?
5
Calculate the greatest common divisor of 54 and 3294.
54
What is the greatest common divisor of 4223 and 41?
41
Calculate the greatest common divisor of 128 and 160.
32
Calculate the highest common divisor of 240 and 390.
30
What is the greatest common divisor of 170 and 204?
34
What is the highest common factor of 420 and 1900?
20
Calculate the highest common divisor of 315 and 135.
45
Calculate the greatest common factor of 704 and 128.
64
What is the highest common factor of 82 and 3403?
41
What is the greatest common divisor of 3 and 16?
1
What is the highest common factor of 4118 and 58?
58
Calculate the highest common divisor of 186 and 3813.
93
What is the greatest common factor of 22 and 1848?
22
What is the greatest common factor of 700 and 35?
35
What is the greatest common factor of 999 and 1221?
111
What is the highest common factor of 880 and 550?
110
Calculate the greatest common divisor of 81 and 81.
81
Calculate the greatest common divisor of 472 and 2714.
118
What is the greatest common divisor of 4 and 168?
4
Calculate the greatest common factor of 31597 and 19.
19
What is the greatest common factor of 119 and 1?
1
Calculate the greatest common factor of 65 and 35.
5
What is the highest common divisor of 8 and 1172?
4
What is the greatest common factor of 4811 and 68?
17
Calculate the greatest common factor of 218 and 25397.
109
What is the greatest common factor of 30 and 10?
10
What is the highest common factor of 954 and 54?
18
What is the greatest common divisor of 16 and 4016?
16
What is the highest common factor of 817 and 19?
19
Calculate the highest common factor of 135 and 15.
15
What is the greatest common factor of 12 and 1164?
12
What is the highest common divisor of 256 and 1504?
32
What is the greatest common factor of 19108 and 102?
34
What is the greatest common factor of 2 and 34?
2
What is the greatest common divisor of 17050 and 11?
11
What is the greatest common factor of 88 and 66?
22
Calculate the greatest common factor of 18 and 288.
18
What is the highest common divisor of 100 and 625?
25
What is the greatest common divisor of 4 and 478?
2
Calculate the highest common divisor of 1104 